r of 224 and 5138?
14
What is the greatest common divisor of 80 and 77080?
40
What is the greatest common factor of 9 and 23571?
9
Calculate the greatest common divisor of 94 and 53.
1
What is the greatest common factor of 5706 and 11862?
18
Calculate the greatest common divisor of 26 and 3105986.
26
What is the greatest common factor of 52 and 8640034?
26
What is the highest common divisor of 71485 and 67541?
493
What is the greatest common divisor of 8746 and 2?
2
Calculate the highest common factor of 263400 and 675.
75
Calculate the highest common factor of 1125 and 6620625.
1125
Calculate the greatest common factor of 3248 and 208.
16
Calculate the highest common divisor of 1755 and 4485.
195
Calculate the greatest common factor of 39368 and 7992.
296
What is the highest common divisor of 6 and 52242?
6
What is the greatest common factor of 407400 and 5250?
1050
What is the highest common divisor of 535 and 158681?
107
Calculate the greatest common divisor of 446719 and 13.
13
What is the greatest common factor of 54 and 481329?
27
What is the greatest common factor of 701476 and 5652?
628
What is the greatest common factor of 20055 and 2295?
15
Calculate the highest common divisor of 758793 and 7.
7
What is the highest common factor of 12592 and 1104?
16
Calculate the greatest common factor of 15888 and 1296.
48
Calculate the greatest common divisor of 15720 and 9480.
120
What is the highest common divisor of 48450 and 5406?
102
What is the highest common divisor of 5264 and 1494224?
752
What is the greatest common divisor of 3445340 and 620?
620
Calculate the highest common divisor of 11 and 139183.
11
What is the greatest common factor of 6300829 and 3298?
1649
Calculate the greatest common divisor of 65772 and 3828.
348
What is the greatest common factor of 49256 and 148292?
524
What is the greatest common divisor of 297943 and 1486?
743
What is the greatest common divisor of 82 and 8?
2
Calculate the highest common divisor of 305 and 6645035.
305
What is the highest common factor of 748 and 1233826?
374
What is the highest common factor of 2060340 and 345?
345
What is the highest common divisor of 12 and 2500854?
6
What is the greatest common divisor of 552 and 91356?
276
What is the highest common factor of 177941 and 214?
107
What is the greatest common factor of 1712 and 22470?
214
What is the greatest common factor of 483032 and 28942?
998
Calculate the highest common factor of 315836 and 23.
23
What is the highest common divisor of 62 and 468224?
62
What is the highest common divisor of 3007 and 6634?
31
Calculate the highest common divisor of 6519 and 8003.
53
Calculate the greatest common factor of 80 and 63088.
16
Calculate the highest common factor of 3228 and 480.
12
What is the highest common divisor of 1012880 and 33?
11
What is the greatest common divisor of 1457 and 52922?
47
Calculate the greatest common factor of 9315 and 655845.
345
What is the greatest common factor of 406 and 12499?
29
Calculate the greatest common factor of 3072999 and 155.
31
Calculate the greatest common divisor of 3424 and 203942.
214
Calculate the greatest common divisor of 106304 and 128.
64
What is the highest common divisor of 1216432 and 1568?
112
Calculate the greatest common divisor of 11368 and 6264.
232
Calculate the highest common factor of 5024232 and 12.
12
What is the highest common divisor of 13 and 25363?
13
Calculate the highest common factor of 68 and 3706.
34
Calculate the highest common factor of 1397592 and 846.
846
Calculate the highest common divisor of 8 and 3812.
4
What is the highest common divisor of 119 and 19771?
17
What is the highest common divisor of 103156 and 98605?
1517
Calculate the highest common divisor of 915019 and 603.
67
Calculate the greatest common factor of 10768 and 776642.
1346
What is the highest common factor of 243 and 20574?
81
What is the greatest common divisor of 5309060 and 310?
310
What is the greatest common factor of 79 and 61699?
79
What is the highest common factor of 6 and 4201?
1
Calculate the greatest common factor of 2662 and 234014.
242
What is the greatest common factor of 104 and 194792?
104
Calculate the highest common factor of 2870 and 109921.
287
What is the highest common factor of 832 and 245466?
26
Calculate the highest common divisor of 199138 and 34.
34
Calculate the greatest common divisor of 2489 and 12027.
19
Calculate the greatest common divisor of 15 and 32451.
3
What is the highest common factor of 41900 and 16?
4
What is the greatest common factor of 36 and 12161448?
36
Calculate the greatest common factor of 135884 and 3220.
644
What is the highest common divisor of 6 and 1665402?
6
Calculate the greatest common factor of 64 and 13028.
4
What is the greatest common factor of 312 and 14248?
104
What is the greatest common divisor of 174 and 118784?
58
What is the highest common factor of 798 and 21504?
42
Calculate the greatest common factor of 189 and 96201.
189
Calculate the highest common factor of 11194 and 13224.
58
What is the greatest common divisor of 60268 and 20496?
244
Calculate the greatest common divisor of 14 and 55454.
14
What is the greatest common divisor of 9116 and 2014?
106
Calculate the greatest common divisor of 90 and 684120.
30
Calculate the highest common factor of 204 and 391136.
68
What is the greatest common factor of 18875 and 151?
151
What is the highest common divisor of 587 and 16?
1
Calculate the highest common factor of 90 and 123885.
45
What is the greatest common factor of 2835 and 7695?
405
Calculate the highest common factor of 2505209 and 427.
427
What is the greatest common factor of 46812 and 423?
141
Calculate the highest common factor of 616 and 532.
28
Calculate the highest common divisor of 2987345 and 265.
265
Calculate the highest common divisor of 90348 and 12.
12
Calculate the highest common divisor of 408352 and 672.
224
Calculate the greatest common divisor of 1881 and 35262.
9
Calculate the highest common factor of 2638298 and 329.
47
What is the highest common factor of 50108 and 4?
4
Calculate the highest common factor of 70 and 364588.
14
What is the greatest common factor of 86445 and 904?
113
What is the highest common divisor of 4752 and 23067?
99
Calculate the highest common divisor of 664376 and 8.
8
What is the highest common divisor of 2864 and 528?
16
Calculate the highest common divisor of 360 and 63864.
72
Calculate the greatest common factor of 3174 and 2022.
6
What is the highest common divisor of 392992 and 112?
16
What is the greatest common divisor of 44 and 4917?
11
What is the greatest common factor of 524114 and 58020?
1934
Calculate the highest common factor of 994539 and 147.
21
What is the greatest common factor of 92 and 1541?
23
Calculate the highest common factor of 1596159 and 6.
3
What is the greatest common divisor of 9016 and 30590?
322
Calculate the greatest common factor of 11101 and 340866.
653
Calculate the highest common factor of 6 and 218112.
6
Calculate the highest common factor of 48246 and 3366.
1122
What is the greatest common factor of 315 and 177345?
315
What is the highest common factor of 966 and 19?
1
Calculate the greatest common factor of 1755 and 260.
65
What is the highest common divisor of 69377 and 407099?
1309
Calculate the highest common factor of 80 and 146560.
80
Calculate the highest common divisor of 228 and 121182.
114
What is the highest common factor of 2249923 and 247?
247
Calculate the greatest common factor of 3081 and 478029.
237
What is the greatest common factor of 1092 and 2301?
39
Calculate the greatest common divisor of 1720710 and 162.
54
Calculate the highest common divisor of 412088 and 24.
8
Calculate the greatest common divisor of 284 and 7559654.
142
Calculate the highest common factor of 79218 and 6.
6
Calculate the greatest common factor of 14 and 1629355.
7
Calculate the highest common divisor of 336 and 225372.
84
Calculate the greatest common factor of 54960 and 10.
10
What is the highest common factor of 12667 and 51624?
239
Calculate the greatest common factor of 848390 and 129.
43
Calculate the highest common divisor of 115516 and 4.
4
What is the greatest common divisor of 312 and 131820?
156
What is the greatest common div